se
Is 12 a factor of 2604?
True
Does 6 divide 198?
True
Is 5700 a multiple of 19?
True
Is 15433 a multiple of 11?
True
Does 99 divide 47283?
False
Is 614 a multiple of 14?
False
Does 52 divide 3224?
True
Is 5946 a multiple of 203?
False
Does 24 divide 1326?
False
Is 10 a factor of 548?
False
Is 10 a factor of 2250?
True
Does 78 divide 39078?
True
Does 37 divide 1739?
True
Is 13487 a multiple of 93?
False
Does 77 divide 2926?
True
Is 81 a factor of 10692?
True
Does 55 divide 45092?
False
Is 520 a multiple of 2?
True
Is 11492 a multiple of 34?
True
Is 855 a multiple of 15?
True
Does 114 divide 1254?
True
Does 210 divide 7980?
True
Is 1232 a multiple of 77?
True
Is 47950 a multiple of 14?
True
Does 4 divide 2744?
True
Is 742 a multiple of 3?
False
Does 15 divide 779?
False
Does 36 divide 4574?
False
Does 58 divide 2900?
True
Does 202 divide 89127?
False
Is 31 a factor of 868?
True
Is 156 a multiple of 9?
False
Does 18 divide 3040?
False
Does 15 divide 1392?
False
Is 48 a factor of 761?
False
Is 197 a factor of 9456?
True
Is 912 a multiple of 12?
True
Does 12 divide 528?
True
Is 9078 a multiple of 27?
False
Does 5 divide 10?
True
Does 30 divide 7513?
False
Is 60 a factor of 7574?
False
Is 632 a multiple of 4?
True
Is 427 a multiple of 7?
True
Is 45 a factor of 720?
True
Is 39 a multiple of 3?
True
Is 18 a multiple of 6?
True
Is 19 a factor of 9329?
True
Does 38 divide 1076?
False
Is 68 a factor of 448?
False
Is 4493 a multiple of 13?
False
Does 91 divide 983?
False
Is 3 a factor of 1875?
True
Is 23 a factor of 1339?
False
Is 545 a multiple of 17?
False
Does 127 divide 445?
False
Is 12 a factor of 1320?
True
Is 6 a factor of 62?
False
Is 17337 a multiple of 54?
False
Is 59 a factor of 354?
True
Does 29 divide 3683?
True
Is 5220 a multiple of 14?
False
Is 300 a multiple of 15?
True
Does 35 divide 597?
False
Is 25 a factor of 650?
True
Does 55 divide 666?
False
Is 663 a multiple of 4?
False
Is 25 a factor of 775?
True
Does 14 divide 476?
True
Is 24360 a multiple of 28?
True
Is 23200 a multiple of 15?
False
Is 5 a factor of 70?
True
Does 16 divide 640?
True
Is 782 a multiple of 13?
False
Is 3 a factor of 112?
False
Is 83 a factor of 891?
False
Does 12 divide 1128?
True
Does 13 divide 1206?
False
Does 7 divide 5460?
True
Is 3 a factor of 352?
False
Is 5177 a multiple of 9?
False
Is 16018 a multiple of 2?
True
Is 172 a multiple of 9?
False
Is 15 a factor of 11992?
False
Is 33403 a multiple of 23?
False
Is 7748 a multiple of 113?
False
Is 2427 a multiple of 5?
False
Is 1708 a multiple of 14?
True
Is 23 a factor of 327?
False
Does 13 divide 27040?
True
Does 5 divide 9103?
False
Is 33581 a multiple of 17?
False
Is 49 a factor of 1401?
False
Is 12 a factor of 83463?
False
Is 153361 a multiple of 47?
True
Is 1590 a multiple of 8?
False
Is 56623 a multiple of 8?
False
Is 1942 a multiple of 3?
False
Is 216 a multiple of 24?
True
Is 3091 a multiple of 90?
False
Is 13 a factor of 73?
False
Is 62 a factor of 2728?
True
Is 1294 a multiple of 40?
False
Is 138 a multiple of 69?
True
Is 8 a factor of 1114?
False
Is 4 a factor of 608?
True
Is 30 a factor of 1547?
False
Is 127 a multiple of 7?
False
Is 4515 a multiple of 15?
True
Is 48 a factor of 5328?
True
Is 11 a factor of 396?
True
Is 103 a factor of 1866?
False
Is 20 a factor of 8707?
False
Is 12 a factor of 582?
False
Is 7236 a multiple of 36?
True
Is 10295 a multiple of 71?
True
Is 5 a factor of 70?
True
Is 13 a factor of 2469?
False
Is 21 a factor of 39720?
False
Is 506 a multiple of 21?
False
Is 6108 a multiple of 40?
False
Is 468 a multiple of 9?
True
Does 12 divide 911?
False
Is 15 a factor of 1785?
True
Does 11 divide 77?
True
Does 71 divide 8453?
False
Does 97 divide 51824?
False
Is 2563 a multiple of 11?
True
Is 136 a multiple of 8?
True
Is 286 a multiple of 16?
False
Does 140 divide 6373?
False
Is 43 a multiple of 5?
False
Is 13266 a multiple of 12?
False
Is 365 a multiple of 18?
False
Does 32 divide 1536?
True
Is 4060 a multiple of 145?
True
Is 159 a factor of 54219?
True
Is 77805 a multiple of 63?
True
Is 12953 a multiple of 15?
False
Is 28 a factor of 2268?
True
Is 23492 a multiple of 28?
True
Is 122 a factor of 113338?
True
Does 32 divide 736?
True
Does 9 divide 99?
True
Does 31 divide 1891?
True
Does 220 divide 32560?
True
Is 124 a factor of 92538?
False
Is 5 a factor of 121?
False
Is 12 a factor of 1632?
True
Is 29 a factor of 17893?
True
Does 42 divide 840?
True
Does 38 divide 2318?
True
Is 15 a factor of 675?
True
Is 10 a factor of 550?
True
Is 7 a factor of 112?
True
Is 27 a factor of 81?
True
Does 12 divide 12708?
True
Does 16 divide 58675?
False
Does 6 divide 15534?
True
Does 279 divide 162657?
True
Does 76 divide 514?
False
Is 3315 a multiple of 17?
True
Is 3575 a multiple of 65?
True
Does 13 divide 4324?
False
Is 22 a factor of 4972?
True
Is 6 a factor of 2556?
True
Is 3632 a multiple of 16?
True
Is 42930 a multiple of 54?
True
Is 9 a factor of 288?
True
Is 72 a factor of 3600?
True
Is 18 a factor of 491?
False
Is 421 a multiple of 9?
False
Does 64 divide 1435?
False
Does 7 divide 30912?
True
Does 12 divide 527?
False
Is 22540 a multiple of 70?
True
Is 2 a factor of 908?
True
Does 27 divide 2934?
False
Does 45 divide 315?
True
Is 232 a multiple of 29?
True
Is 14664 a multiple of 94?
True
Is 35 a factor of 206?
False
Is 3 a factor of 1765?
False
Is 32797 a multiple of 258?
False
Does 19 divide 16059?
False
Does 31 divide 59849?
False
Is 3324 a multiple of 18?
False
Is 12 a factor of 8422?
False
Does 47 divide 846?
True
Is 23 a factor of 1012?
True
Is 1107 a multiple of 2?
False
Is 3213 a multiple of 32?
False
Is 9 a factor of 735?
False
Is 51 a factor of 1530?
True
Does 21 divide 192?
False
Is 76 a multiple of 2?
True
Is 29 a factor of 42370?
False
Is 44 a factor of 6292?
True
Is 833 a multiple of 16?
False
Is 9460 a multiple of 5?
True
Does 23 divide 1265?
True
Is 152 a multiple of 5?
False
Does 12 divide 7128?
True
Is 1880 a multiple of 10?
True
Is 679 a multiple of 3?
False
Is 110 a factor of 24200?
True
Is 23652 a multiple of 162?
True
Is 1129 a multiple of 14?
False
Does 137 divide 1179?
False
Is 17 a factor of 1343?
True
Does 24 divide 462?
False
Is 103 a factor of 721?
True
Is 33600 a multiple of 21?
True
Does 108 divide 22896?
True
Is 381 a factor of 119269?
False
Is 42 a factor of 2470?
False
Does 79 divide 341?
False
Is 5103 a multiple of 81?
True
Does 26 divide 3640?
True
Is 3585 a multiple of 15?
True
Does 461 divide 37437?
False
Is 53 a factor of 1325?
True
Does 24 divide 1425?
False
Is 463 a multiple of 8?
False
Is 6 a factor of 552?
True
Is 3247 a multiple of 59?
False
Does 78 divide 936?
True
Is 56 a multiple of 13?
False
Is 28 a factor of 1820?
True
Does 3 divide 2386?
False
Does 53 divide 1272?
True
Is 14 a factor of 14?
True
Is 10422 a multiple of 133?
False
Does 9 divide 35280?
True
Is 31 a factor of 1815?
False
Does 238 divide 28084?
True
Does 18 divide 5940?
True
Is 16064 a multiple of 16?
True
Is 1427 a multiple of 8?
False
Is 18 a factor of 20835?
False
Is 57 a factor of 1653?
True
Is 19 a factor of 32049?
False
Is 16 a factor of 2096?
True
Does 12 divide 936?
True
Is 23 a factor of 874?
True
Does 90 divide 7563?
False
Does 31 divide 87716?
False
Is 9 a factor of 270?
True
Is 149 a factor of 70924?
True
Is 22637 a multiple of 35?
False
Is 133 a multiple of 2?
False
Is 195 a multiple of 3?
True
Does 50 divide 394?
False
Is 15 a factor of 5731?
False
Is 13 a factor of 10638?
False
Is 47 a factor of 270?
False
Does 81 divide 16443?
True
Is 129 a multiple of 11?
False
Is 6453 a multiple of 23?
False
Does 24 divide 1440?
True
Is 1146 a multiple of 2?
True
Is 44492 a multiple of 227?
True
Is 60 a multiple of 4?
True
Is 7 a factor of 22460?
False
Does 79 divide 3597?
False
Is 14 a factor of 935?
False
Is 157 a factor of 18209?
False
Is 34 a factor of 1819?
False
Does 12 divide 364?
False
Is 4 a factor of 1488?
True
Does 34 divide 3260?
False
Does 7 divide 2506?
True
Does 52 divide 1716?
True
Is 148 a factor of 27438?
False
Is 7 a factor of 30467?
False
Is 25 a factor of 6166?
False
Is 4835 a multiple of 37?
False
Is 10472 a multiple of 8?
True
Is 47 a factor of 19740?
True
Does 15 divide 35655?
True
Is 16 a factor of 6928?
True
Is 33 a factor of 15042?
False
Is 3648 a mu